{"id":42,"date":"2025-06-15T18:53:05","date_gmt":"2025-06-15T18:53:05","guid":{"rendered":"https:\/\/www.kitkanet.fi\/?page_id=42"},"modified":"2025-10-29T13:46:46","modified_gmt":"2025-10-29T11:46:46","slug":"blog","status":"publish","type":"page","link":"https:\/\/www.kitkanet.fi\/?page_id=42","title":{"rendered":"Miksi valokuitu"},"content":{"rendered":"\n<p>No miksei ?<\/p>\n\n\n\n<p>Sesonkiaikaan me paikkakunnalla pysyv\u00e4sti asuvat ihmetell\u00e4\u00e4n kun netti takkuaa ja selain vain py\u00f6ritt\u00e4\u00e4 ja py\u00f6ritt\u00e4\u00e4. Eik\u00e4 kaikki ole viel\u00e4 5G- yhteyksien saavutettavissa.<\/p>\n\n\n\n<p>Ajatushan valokuidusta l\u00e4hti alkuvuodesta 2024, kun Leaderin edustaja k\u00e4vi siit\u00e4 meille kertomassa Ylikitkan koululla, jossa meit\u00e4 oli noin 30 henke\u00e4 paikalla. Perustimme ensiksi ryhm\u00e4n pohtimaan asiaa ja sitten sit\u00e4 alettiin jo osuuskuntaa touhuamaan ja perustamaan. Kev\u00e4\u00e4n\/ kes\u00e4n 2024 aikana kyseltiin alustavaa kiinnostusta ja samaan aikaan ajatus valokuidusta laajeni my\u00f6s muihinkin Posiolaisiin kyliin.<\/p>\n\n\n\n<p>Ajattelimme, ett\u00e4 jos meille saadaan valokuituverkkoa rakennettua, niin seh\u00e4n on jo paljon parempi kuin nykyiset yhteydet.<\/p>\n\n\n\n<p>Valokuitu on kiinte\u00e4 verkkoliittym\u00e4, jolla mahdollistetaan jopa 1000 Mbit\/s nopeuden. Se tarjoaa eritt\u00e4in nopean ja luotettavan internetyhteyden, joka mahdollistaa sujuvan suoratoiston, nopeat latausajat ja tehokkaan tiedonsiirron. Valokuituverkko on my\u00f6s eritt\u00e4in kest\u00e4v\u00e4 ja immuuni s\u00e4hk\u00f6magneettisille h\u00e4iri\u00f6ille. Lis\u00e4ksi valokuitu pystyy k\u00e4sittelem\u00e4\u00e4n suuria m\u00e4\u00e4ri\u00e4 dataa samanaikaisesti, mik\u00e4 takaa tasaisen suorituskyvyn kaikille liitetyille laitteille.<\/p>\n\n\n\n<p>Esimerkiksi<\/p>\n\n\n\n<ul class=\"wp-block-list\">\n<li>Pidemm\u00e4n aikaa  on k\u00e4rsitty mobiiliverkkojen riitt\u00e4m\u00e4tt\u00f6myydest\u00e4 sesonkiaikoina, kun kapasiteetti ei vain riit\u00e4 mastolla\/mastoilla.<\/li>\n\n\n\n<li>Nykyp\u00e4iv\u00e4n televisiot tarvitsevat kiinteit\u00e4 tietoliikenneyhteyksi\u00e4.<\/li>\n\n\n\n<li>Matkailijat ovat tottuneet toimiviin tietoliikenneyhteyksiin.<\/li>\n\n\n\n<li>Loma-asuntomme ovat turvassa pystyess\u00e4mme valvomaan niit\u00e4 et\u00e4n\u00e4.<\/li>\n\n\n\n<li>Et\u00e4ty\u00f6 mahdollistuu meille kyl\u00e4l\u00e4isille ja matkailijoille.<\/li>\n\n\n\n<li>Ja kaikkien puhuma 5G ei ole mahdollinen ilman valokuituverkkoa.<\/li>\n\n\n\n<li>Sivukylille jo nyt ik\u00e4ihmisi\u00e4 &#8221;et\u00e4hoidetaan&#8221; joille se on mahdollista yhteydenotto esim. tabletilla kuva &amp; puhe yhteys hoitajan kanssa.<\/li>\n\n\n\n<li>Ja nostaa kiinteist\u00f6n arvoa.<\/li>\n<\/ul>\n\n\n\n<p><br>Tulevaisuudessa teknologiakehityksen my\u00f6t\u00e4 jopa peruspalvelut edellytt\u00e4v\u00e4t toimivia tietoliikenneyhteyksi\u00e4.<\/p>\n","protected":false},"excerpt":{"rendered":"<p>No miksei ? Sesonkiaikaan me paikkakunnalla pysyv\u00e4sti asuvat ihmetell\u00e4\u00e4n kun netti takkuaa ja selain vain py\u00f6ritt\u00e4\u00e4 ja py\u00f6ritt\u00e4\u00e4. Eik\u00e4 kaikki ole viel\u00e4 5G- yhteyksien saavutettavissa. Ajatushan valokuidusta l\u00e4hti alkuvuodesta 2024, kun Leaderin edustaja k\u00e4vi siit\u00e4 meille kertomassa Ylikitkan koululla, jossa meit\u00e4 oli noin 30 henke\u00e4 paikalla. Perustimme ensiksi ryhm\u00e4n pohtimaan asiaa ja sitten sit\u00e4 alettiin&hellip;&nbsp;<\/p>\n","protected":false},"author":1,"featured_media":0,"parent":0,"menu_order":0,"comment_status":"closed","ping_status":"closed","template":"","meta":{"neve_meta_sidebar":"full-width","neve_meta_container":"full-width","neve_meta_enable_content_width":"on","neve_meta_content_width":70,"neve_meta_title_alignment":"","neve_meta_author_avatar":"","neve_post_elements_order":"","neve_meta_disable_header":"","neve_meta_disable_footer":"","neve_meta_disable_title":"on","_kadence_starter_templates_imported_post":false,"footnotes":""},"class_list":["post-42","page","type-page","status-publish","hentry"],"_links":{"self":[{"href":"https:\/\/www.kitkanet.fi\/index.php?rest_route=\/wp\/v2\/pages\/42","targetHints":{"allow":["GET"]}}],"collection":[{"href":"https:\/\/www.kitkanet.fi\/index.php?rest_route=\/wp\/v2\/pages"}],"about":[{"href":"https:\/\/www.kitkanet.fi\/index.php?rest_route=\/wp\/v2\/types\/page"}],"author":[{"embeddable":true,"href":"https:\/\/www.kitkanet.fi\/index.php?rest_route=\/wp\/v2\/users\/1"}],"replies":[{"embeddable":true,"href":"https:\/\/www.kitkanet.fi\/index.php?rest_route=%2Fwp%2Fv2%2Fcomments&post=42"}],"version-history":[{"count":9,"href":"https:\/\/www.kitkanet.fi\/index.php?rest_route=\/wp\/v2\/pages\/42\/revisions"}],"predecessor-version":[{"id":131,"href":"https:\/\/www.kitkanet.fi\/index.php?rest_route=\/wp\/v2\/pages\/42\/revisions\/131"}],"wp:attachment":[{"href":"https:\/\/www.kitkanet.fi\/index.php?rest_route=%2Fwp%2Fv2%2Fmedia&parent=42"}],"curies":[{"name":"wp","href":"https:\/\/api.w.org\/{rel}","templated":true}]}}